 208. What is the tens digit of v(-8)?
9
Let j(a) = -a**3 - 3*a**2 - 3*a - 3. Let o be j(-4). Suppose 5*n + 5*x = o, -2*x + 0 - 6 = 0. Suppose -n*l + 54 = -6*l. What is the tens digit of l?
2
Suppose -2*k + 498 = -68. What is the tens digit of k?
8
Let s = 3 + -6. Let q = s - -8. Suppose 0 = -2*o + d + 58, 5*d + q = -4*o + 107. What is the units digit of o?
8
Let x = -1780 - -3554. What is the units digit of x?
4
What is the thousands digit of (-46)/(4*(-8)/1376)?
1
Suppose -5*i + 5112 = f, 0 = -4*f - 2 + 10. What is the thousands digit of i?
1
Suppose -157*q + 145*q + 3192 = 0. What is the tens digit of q?
6
Let m = -4047 - -8883. What is the thousands digit of m?
4
Let d(f) = 2*f**3 - 4*f**2 + 2*f + 2. Let c be d(4). Let q = c - 29. What is the units digit of q?
5
Let y be 2/(-10)*(1 - 6). Let i be (22/4)/(y/2). Let q = 25 - i. What is the units digit of q?
4
Suppose -5*k + 86 = 2*r, -3*r = -4*k + 2*k - 91. Let b = r - 33. Suppose -m + a + 54 = 0, 0 = -2*m - b*a + 4*a + 112. What is the units digit of m?
2
Let q(y) = 12 - 4*y + 23 - 8. What is the units digit of q(-9)?
3
Suppose -19*o + 21*o - 412 = 2*s, 3*s = -9. What is the units digit of o?
3
Suppose -11*h = h - 7008. What is the units digit of h?
4
Let w be (-4)/26 - 82/(-26). Suppose 5*l = -w*a + 51, -5*a = -0*l + 3*l - 21. Suppose l*k - 45 = 11*k. What is the units digit of k?
5
Let p(z) = -z**3 + 5*z**2 - 2*z - 2. Let k be p(4). What is the units digit of k/(-21) + (-484)/(-28)?
7
Let v(f) = f**2 - 11*f + 14. Let h be v(12). Suppose 146 - h = 4*p. What is the tens digit of p?
3
Let m = -605 + 332. Let p = m - -439. What is the units digit of p?
6
Let x be 16/6 + -2 + 784/(-42). What is the units digit of (0 - -3)*(2 + 12/x)?
4
Let w(z) = -z**3 + 5*z**2 + 4. Let c be w(5). Suppose 0 = b + 3*j - 48, c*j - 10 = 2*j. What is the units digit of b*3/(12 - 3)?
1
Suppose 3*a - 180 = 3*i, -a - i + 176 = 2*a. Suppose -v + a + 51 = 0. Suppose -112 = -4*r - 2*h, 0 = -2*r - 2*r - 3*h + v. What is the tens digit of r?
2
Let y = -7 + -10. Let z = y - -17. Suppose 0 = -4*c, -4*f - 2*c = -z*f - 60. What is the tens digit of f?
1
Suppose m + 14 - 2 = 0. Let n be (2 + -179)*m/18. Suppose -3*x - 16 = -n. What is the units digit of x?
4
Suppose 18*g - 7*g - 10626 = 0. What is the tens digit of g?
6
Let o = 145 - 297. What is the tens digit of 18/(-4)*o/12?
5
What is the units digit of (6*2/(-10))/((-15)/3550)?
4
Let q(j) = -12*j - 15. Let t = 10 - 16. What is the units digit of q(t)?
7
What is the hundreds digit of (-18)/4*72712/(-183)?
7
Let i = -8 - -10. Suppose -3*s + 52 + i = 0. Let f = s + -11. What is the units digit of f?
7
Let f = 1311 - 836. What is the hundreds digit of f?
4
Let a(q) be the second derivative of 53*q**5/20 + q**4/12 + q**3/6 - q**2/2 + 2*q. Let w be a(1). Let f = -31 + w. What is the units digit of f?
3
Let m = -334 - -839. What is the hundreds digit of m?
5
Let j(s) = 5*s**2 - s + 3. Let r be j(5). Suppose -2*w + r = w. What is the tens digit of w?
4
Let r(p) = -p**2 - 11*p - 10. Let z be r(-9). Let v(h) = h**2 - 8*h + 11. Let m be v(z). Suppose 7*x - m*x = -56. What is the tens digit of x?
1
Let r be (3 - 0) + -1 + 1. What is the units digit of (r + 3)*13/1?
8
Let n(f) = 1674*f**2 + 32*f - 34. What is the hundreds digit of n(1)?
6
Suppose 0 = 6*z - 4464 - 3750. What is the tens digit of z?
6
Let g = 1214 - -3173. What is the thousands digit of g?
4
Suppose 0 = 5*m - 3*o - 8778, 5*o + 1759 = m + o. What is the thousands digit of m?
1
Suppose 3*g + 3*r = 2*r + 83, -g - r = -29. Suppose -5*b + 223 = -g. What is the units digit of b?
0
Suppose -2*f + 3*f - 3*b + 11 = 0, -4*f - 5*b + 24 = 0. What is the tens digit of 56 - (f - (0 - 1)*-3)?
5
What is the hundreds digit of (3*(11 - 16))/((-1)/313)?
6
Let k(u) = 4*u**2 + 6 - 3 + 6*u - 9. What is the units digit of k(2)?
2
Suppose 0 = 3*m - 5*d + 2*d - 9, -28 = -4*m - 4*d. Suppose 2*r - 3*l = 234, -m*r + 3*l + 87 = -498. What is the tens digit of r?
1
Suppose 4*v - 5*x - 8504 = -511, 5*v - 9987 = 2*x. What is the tens digit of v?
9
Let p be ((-1488)/(-5))/4 - (-9)/15. Let n(h) = -h + 4. Let t be n(0). Suppose 7*w - p = t*w. What is the tens digit of w?
2
Let o = 139 + -134. Suppose 5*v + 4*b - 696 = 0, -3*v + o*b - 415 = -6*v. What is the tens digit of v?
4
Let x(s) = 214*s**3 - 7*s**2 + 3*s + 6. What is the thousands digit of x(2)?
1
What is the tens digit of (9/(-5))/(18/(-210))?
2
What is the hundreds digit of 2/(8/(-2886))*80/(-24)?
4
Let r(f) = -7*f**3 - 10*f**2 - 12*f - 6. What is the thousands digit of r(-9)?
4
Suppose 4*h - 651 - 381 = 0. What is the units digit of h?
8
Suppose -5*j + 75 = -200. Suppose 3*l + 8*t - 4*t - j = 0, -4*l - t = -56. What is the units digit of l?
3
Let i(t) = -t**3 + t + 54. Let c(d) = -d**2 + 4*d - 3. Let b be c(3). What is the units digit of i(b)?
4
Let q be -1 + -2 + (6/3 - -5). Suppose q*v - 21 = 35. What is the tens digit of v?
1
Let i(g) = -4*g**2 - 3*g + 9. Let f(j) = j**2 + j. Let o(b) = 3*f(b) + i(b). Let w be o(0). Suppose -w = -r - 1. What is the units digit of r?
8
Suppose -2*n = -3*n - 68. What is the units digit of 5820/51 + 8/n?
4
Let k = 32 + -31. Let t(p) = -p**2 + 8*p - 2. Let n be t(7). What is the tens digit of 95/n - -1*k?
2
Let y = -18 + 36. Let l be (-3)/(-2)*(-24)/y. Let d(p) = -2*p**3 + p**2 - 2*p + 1. What is the units digit of d(l)?
5
Let n(x) = -167*x + 9. What is the hundreds digit of n(-2)?
3
Let m(b) = -b**3 + 6*b**2 + 3. Let y be 4*(-12)/(-8)*1. Let n be m(y). Suppose -8 = -j - n. What is the units digit of j?
5
Suppose 9 = l - 4*l, -3*r + l - 27 = 0. Let y = 10 + r. Suppose 3*m - 4*h - 13 + 6 = y, -2*m + 5*h = -7. What is the units digit of m?
1
Let j(z) = -z + 16. Let m be j(14). Suppose 6*d = d + 4*a + 79, m = -2*a. What is the units digit of d?
5
Let j = 414 + 143. What is the hundreds digit of j?
5
Let j(t) = -12*t - 8 + 3*t**3 - 4*t**3 - 7*t**2 - 3*t. Suppose -3*f - m = 22, -4*m + 13 = 29. What is the tens digit of j(f)?
4
Suppose 2*m - 5 - 63 = 2*y, 0 = 4*y - 4. Suppose 2*l = m + 79. What is the units digit of l?
7
Let m be 3 + -2 + (-3 - -2). Let d be -5 + 0 - (m + 0). What is the tens digit of 4 + (d - -3) + 28?
3
Let r(l) = 392*l + 17. What is the units digit of r(1)?
9
Let q be 1913/3 - (4/3)/2. Suppose -3*t + q = 172. What is the units digit of t?
5
What is the tens digit of 20/(-5)*7/(28/(-64))?
6
Let g(v) = v**3 + 21*v**2 - 83. What is the tens digit of g(-18)?
8
Suppose 9*x - 486 + 117 = 0. Suppose 2*a = -o + 52 - 11, 5*a = o - x. What is the tens digit of o?
4
Let m = 1235 + 106. What is the thousands digit of m?
1
Suppose 3*g = 2*f + 758, 7*f - 248 = -g + 3*f. What is the hundreds digit of g?
2
Let u = 50 + 477. What is the hundreds digit of u?
5
Let p(g) = -g**3 - 11*g**2 + 12*g - 8. Let l be p(-12). Let u = -8 - l. Suppose 2*q = 4*m - 164, 4*m + 5*q - 6*q - 162 = u. What is the tens digit of m?
4
Suppose 18 = 3*x - 0*x. Suppose 0 = -x*s - 0*s + 366. What is the tens digit of s?
6
Let o = -39 + 41. Suppose 3*n = 3*b + 2*b + 267, -o*b = -6. What is the units digit of n?
4
Let t(i) = -6*i**2 + i. Let r be t(1). Let z be ((-273)/(-6))/((-4)/8). What is the tens digit of z/r + 3/(-15)?
1
Suppose -304*s = -295*s - 7749. What is the hundreds digit of s?
8
Let k be (1 + 6 + 3)*2/4. Suppose -7*f + 52 = -k*f. What is the tens digit of f?
2
Let p(i) be the second derivative of 7*i**4/12 - 7*i**3/6 + 2*i**2 - 5*i. Let s be p(5). Suppose 5*j - s = 2*j. What is the units digit of j?
8
Let i(z) = 23*z**3 + 3*z**2 + z - 9. Let c(p) = 24*p**3 + 3*p**2 + p - 8. Let x(m) = -5*c(m) + 4*i(m). What is the units digit of x(-2)?
8
Let o(n) = -n**3 - 35*n**2 - 59*n + 68. What is the hundreds digit of o(-36)?
4
Let i(y) = 10 + 14 - y - 6. Suppose 0 = -0*w + w. What is the units digit of i(w)?
8
Let x = 291 + -286. What is the units digit of x?
5
Let v = 111 + 289. What is the tens digit of v?
0
Suppose 3*k = 3*g + 477, -k - 2*g + 173 = 17. What is the units digit of k?
8
Suppose -36 = -r - 0*r. Let b(m) = m. Let n be b(5). Suppose 4*k + 66 = 3*z - 4, -n*k + r = z. What is the tens digit of z?
2
Suppose 2*w + 92 = 4*m - 130, 2*w + 276 = 5*m. Let g = -24 + m. What is the units digit of g?
0
Suppose 202 - 1276 = -6*i. What is the units digit of i?
9
Let x be (-2)/(-6) - 77/(-